
In base 3, what is 10 + 1010002?
1010012
In base 8, what is 56 - -2064?
2142
In base 13, what is 4 + -55?
-51
In base 9, what is 12 - 17?
-5
In base 10, what is -7 - 956?
-963
In base 11, what is 11a8 - -1?
11a9
In base 7, what is 1 - -42?
43
In base 5, what is -123 - -1?
-122
In base 7, what is 3 - -1120?
1123
In base 7, what is 5 + 26560?
26565
In base 11, what is -5 - -51?
47
In base 10, what is -24 - 1003?
-1027
In base 11, what is -35 + -3?
-38
In base 11, what is -2 - -2217?
2215
In base 13, what is -3c24 + 4?
-3c20
In base 7, what is 11 - 53?
-42
In base 2, what is -111101000101 - 10?
-111101000111
In base 10, what is 1 + -353?
-352
In base 14, what is -2331 + 1?
-2330
In base 14, what is 89 + -1c?
6b
In base 15, what is ddb + 4?
de0
In base 4, what is -2 + 132?
130
In base 5, what is -32 - -10?
-22
In base 4, what is 1120212 - 10?
1120202
In base 12, what is 9a - 23?
77
In base 3, what is -1111 - 20?
-1201
In base 7, what is -12 + 2?
-10
In base 12, what is -1 - 86?
-87
In base 8, what is 0 - 1271?
-1271
In base 5, what is 401112 + -4?
401103
In base 8, what is 67 - -2?
71
In base 14, what is -6 - -10?
8
In base 9, what is -4 - -110?
105
In base 9, what is -4767 - 0?
-4767
In base 6, what is -325 - 1?
-330
In base 14, what is 139 - 11?
128
In base 7, what is -13015 + 5?
-13010
In base 9, what is 22502 - -1?
22503
In base 10, what is -2 + 4?
2
In base 9, what is 4 - 28?
-24
In base 5, what is -222013 - -2?
-222011
In base 2, what is 10 - -1110?
10000
In base 5, what is -20 + -3040?
-3110
In base 8, what is 43 + -710?
-645
In base 10, what is -4 - 29?
-33
In base 4, what is 1 + 230?
231
In base 3, what is -1 + 111202?
111201
In base 14, what is -1 + -77?
-78
In base 16, what is 4dd + -5?
4d8
In base 16, what is -9e - -5?
-99
In base 6, what is 343 + -10?
333
In base 10, what is 1 - -183?
184
In base 11, what is 1a2 - -3?
1a5
In base 5, what is -4 - 23032?
-23041
In base 9, what is 2730 + -6?
2723
In base 9, what is 22 - 5?
16
In base 8, what is 177 - 46?
131
In base 12, what is -4 + -2214?
-2218
In base 2, what is -11001101 - 101?
-11010010
In base 16, what is -27b + 5?
-276
In base 2, what is -11 - 10001000?
-10001011
In base 12, what is -195a - 12?
-1970
In base 15, what is cb + 43?
11e
In base 13, what is 5 + -916?
-911
In base 6, what is -11 - -45?
34
In base 16, what is 183 - 7?
17c
In base 3, what is -11 + 121200?
121112
In base 13, what is 9b4 - 1?
9b3
In base 10, what is -24 + -24?
-48
In base 13, what is -47 - -b?
-39
In base 8, what is -516 + 1?
-515
In base 13, what is -a + 15?
8
In base 10, what is 122 - -43?
165
In base 10, what is 1135 - -1?
1136
In base 5, what is -2 - -1010?
1003
In base 16, what is f1 - 1?
f0
In base 10, what is -5 + -8?
-13
In base 13, what is -5 + a?
5
In base 16, what is -4 - -101?
fd
In base 13, what is -1674b - 5?
-16753
In base 16, what is 93 + -1b?
78
In base 2, what is 1101110 + -11010001?
-1100011
In base 12, what is 1201 + 4?
1205
In base 4, what is 2 + -1213?
-1211
In base 6, what is 535 - 113?
422
In base 4, what is 23 - 11?
12
In base 2, what is -101001 + -1011?
-110100
In base 5, what is 3 + 103?
111
In base 13, what is -37 - 3?
-3a
In base 15, what is 5c - -2?
5e
In base 4, what is -100312 + 13?
-100233
In base 14, what is -2 - -66?
64
In base 15, what is -4 + -587?
-58b
In base 14, what is -1ac7 + 2?
-1ac5
In base 15, what is -40d + 3?
-40a
In base 7, what is 2 - -152?
154
In base 16, what is -2 - -32d?
32b
In base 5, what is 120 + -24?
41
In base 2, what is 101100101011 + -11?
101100101000
In base 8, what is -70 + 5?
-63
In base 14, what is -97 + -13?
-aa
In base 10, what is 2 - -4?
6
In base 2, what is 100110 + -101110?
-1000
In base 3, what is -1022 - -20001?
11202
In base 13, what is -5 - 6b?
-73
In base 4, what is 10 - 301?
-231
In base 7, what is -16364 - -2?
-16362
In base 5, what is -1102 + 4?
-1043
In base 8, what is -3465 - 4?
-3471
In base 8, what is -513 - 46?
-561
In base 4, what is 13 - 2210?
-2131
In base 6, what is -3 + -14553?
-15000
In base 16, what is -215b + 4?
-2157
In base 16, what is 14 - 5?
f
In base 13, what is -129 - -4?
-125
In base 10, what is -4 - 422?
-426
In base 2, what is -10 + -110100?
-110110
In base 12, what is 236 + 8?
242
In base 16, what is 7 - -ef?
f6
In base 3, what is -210012 + 202?
-202110
In base 12, what is 26 - -1?
27
In base 4, what is 23 + -30210?
-30121
In base 14, what is -1a6 + 1?
-1a5
In base 12, what is 4 - 95?
-91
In base 3, what is -122 + -2000?
-2122
In base 3, what is -1 + -1001?
-1002
In base 3, what is 1100002111 - -11?
1100002122
In base 8, what is 14 - 41?
-25
In base 15, what is -2 - -cc?
ca
In base 16, what is 30 - 4?
2c
In base 5, what is -23330 - -3?
-23322
In base 5, what is -12 - -131?
114
In base 2, what is -10001101101110 - -1?
-10001101101101
In base 10, what is 0 + 7?
7
In base 16, what is -17 + -1?
-18
In base 10, what is 28159 - -2?
28161
In base 7, what is -135 - 53?
-221
In base 4, what is 11 + -101?
-30
In base 2, what is -100100 - -1010111001?
1010010101
In base 3, what is 110 + -221?
-111
In base 7, what is 431 - -6?
440
In base 3, what is -21 - 1121?
-1212
In base 3, what is 10 - -200100?
200110
In base 10, what is 298 - -1?
299
In base 10, what is -1291 - 0?
-1291
In base 4, what is 31 + 2223?
2320
In base 5, what is -24343 + 0?
-24343
In base 9, what is 1362 + 0?
1362
In base 16, what is -23 - a4?
-c7
In base 7, what is -4 - 102?
-106
In base 5, what is 0 + -20?
-20
In base 12, what is a + 5?
13
In base 7, what is 1066 - -5?
1104
In base 4, what is -13 - -11113?
11100
In base 12, what is -23bb + -3?
-2402
In base 8, what is 5 + 140?
145
In base 15, what is 2 + -3b?
-39
In base 11, what is -4 - -119?
115
In base 13, what is 4 + 22?
26
In base 4, what is -2100301 + -10?
-2100311
In base 8, what is -123 + -13?
-136
In base 4, what is 10 - 200121?
-200111
In base 2, what is -1 - 11111011010?
-11111011011
In base 16, what is a8 + 2?
aa
In base 11, what is -7a + 3?
-77
In base 14, what is -1 + -4a?
-4b
In base 7, what is 13 - -463?
506
In base 15, what is 12e - -3?
132
In base 15, what is -2 + -6d2?
-6d4
In base 16, what is 5 + 1?
6
In base 14, what is 3cb + -2?
3c9
In base 7, what is 2 + 30?
32
In base 10, what is 40 + -190?
-150
In base 9, what is 4 + 146?
151
In base 12, what is 22b3 - -4?
22b7
In base 6, what is 0 - 10100?
-10100
In base 2, what is 101011 + -10?
101001
In base 10, what is 41 - -319?
360
In base 11, what is -3818 + -4?
-3821
In base 5, what is 10 - 323?
-313
In base 2, what is -10 - 10110101?
-10110111
In base 9, what is -56 - -17?
-38
In base 8, what is 423 - -25?
450
In base 4, what is 31 + 33?
130
In base 11, what is -145 - -83?
-72
In base 5, what is -4 - 140?
-144
In base 14, what is 55 - 0?
55
In base 13, what is 3 + -8?
-5
In base 4, what is -13100 + -2?
-13102
In base 5, what is -321 - 23?
-344
In base 7, what is 65 + -24?
41
In base 11, what is -5 + 25?
20
In base 9, what is 5 + 5?
11
In base 11, what is -2 - 49?
-50
In base 2, what is -101011 + -10101110?
-11011001
In base 16, what is -4 - 352?
-356
In base 11, what is -584 - 9?
-592
In base 8, what is -1 + 147?
146
In base 11, what is 11 + -a26?
-a15
In base 2, what is 11100 + -10?
11010
In base 13, what is 22 - 7?
18
In base 12, what is 6 - 5b?
-55
In base 16, what is 2 - 56?
-54
In base 5, what is 101 - 1312?
-1211
In base 6, what is 304 + -2?
302
In base 8, what is -3 - -1164?
1161
In base 16, what is 6 - -1da?
1e0
In base 15, what is 2 + 1e?
21
In base 9, what is 6 - -1187?
1204
In base 13, what is -2b - 20?
-4b
In base 12, what is 16 - -2?
18
In base 12, what is -6 + 72?
68
In base 6, what is -10135 - 5?
-10144
In base 10, what is 221 - 16?
205
In base 6, what is -104 + -2?
-110
In base 12, what is -5 - 0?
-5
In base 3, what is 120002 + -11?
112221
In base 12, what is -359 - -6?
-353
In base 11, what is -60 + -9?
-69
In base 4, what is 120 + 13?
133
In base 16, what is -10 - 4?
-14
In base 9, what is 132 + 5?
137
In base 11, what is 4 - -6a?
73
In base 14, what is -3 - 176?
-179
In base 3, what is 122 - -1012?
1211
In base 15, what is 4 - -1ca7?
1cab
In base 13, what is 8677 + 5?
867c
In base 9, what is 5 - 8?
-3
In base 14, what is 15 - -7d?
94
In base 7, what is -1015 - -3?
-1012
In base 3, what is -20 - 210?
-1000
In bas